-11011110
-12132 (base 4) to base 5
-3124
9341 (base 15) to base 13
11212
What is -201122 (base 3) in base 14?
-29c
a6a (base 12) to base 10
1522
Convert 198 (base 11) to base 14.
124
Convert 41606 (base 7) to base 12.
5b1b
Convert -3554 (base 13) to base 2.
-1110101010001
What is 1001100000011 (base 2) in base 5?
123432
19cb (base 16) to base 14
2599
-9b (base 12) to base 2
-1110111
Convert 424441 (base 5) to base 9.
21637
Convert 111100000001 (base 2) to base 5.
110331
What is 20d (base 14) in base 12?
299
Convert -8227 (base 9) to base 6.
-43511
ec9e (base 16) to base 4
32302132
What is 1010303 (base 4) in base 15?
1488
Convert 136263 (base 7) to base 3.
1022221210
-86 (base 16) to base 8
-206
What is 2ca (base 16) in base 2?
1011001010
What is 89 (base 14) in base 4?
1321
-106606 (base 7) to base 9
-28254
Convert -79b2 (base 13) to base 2.
-100001010010101
Convert 513 (base 16) to base 7.
3534
What is -2112 (base 16) in base 7?
-33453
10011000001 (base 2) to base 16
4c1
What is 55d (base 15) in base 12?
851
-110001111001011 (base 2) to base 10
-25547
What is -11059 (base 11) in base 3?
-210222221
Convert -22021 (base 6) to base 9.
-4144
Convert -267 (base 9) to base 16.
-df
What is -1011111111001 (base 2) in base 4?
-1133321
43728 (base 9) to base 8
70540
Convert 4bd7 (base 15) to base 5.
1004202
What is 116 (base 11) in base 15?
93
Convert -1532 (base 9) to base 4.
-102023
Convert -537 (base 12) to base 5.
-11023
Convert -1bca8 (base 13) to base 2.
-1101011001101110
184 (base 11) to base 10
213
What is 111135 (base 7) in base 2?
100110010101010
94e (base 16) to base 9
3236
Convert -2c4 (base 14) to base 12.
-3b0
-156 (base 16) to base 7
-666
What is 1010132 (base 5) in base 8?
37644
What is -1010110111 (base 2) in base 12?
-49b
3110 (base 4) to base 2
11010100
Convert 3466 (base 9) to base 11.
1a28
-1307 (base 8) to base 16
-2c7
What is 222203 (base 4) in base 6?
20335
-16717 (base 10) to base 6
-205221
Convert -4011 (base 8) to base 16.
-809
What is -2d5b (base 14) in base 3?
-102010122
a37 (base 14) to base 12
11b5
Convert -1d7c (base 16) to base 14.
-2a72
Convert -111 (base 9) to base 12.
-77
Convert -323 (base 9) to base 16.
-108
What is -a10d (base 14) in base 6?
-332001
What is -80a7 (base 12) in base 5?
-421301
Convert -2c6 (base 13) to base 7.
-1313
What is b730 (base 12) in base 10?
20052
Convert 101001011010110 (base 2) to base 6.
242102
Convert 19751 (base 14) to base 2.
1111110000101011
Convert -9d6 (base 16) to base 13.
-11b9
Convert -1153 (base 8) to base 9.
-757
2020121120 (base 3) to base 12
216a3
What is -289 (base 14) in base 12?
-369
Convert 2c3 (base 13) to base 5.
3442
10593 (base 12) to base 4
11100333
-1954 (base 12) to base 7
-12001
What is 389 (base 10) in base 16?
185
Convert 142 (base 5) to base 16.
2f
Convert 14324 (base 12) to base 9.
42501
What is 321301 (base 4) in base 16?
e71
What is -242 (base 8) in base 4?
-2202
What is 2200010 (base 3) in base 4?
132123
What is 123 (base 16) in base 10?
291
Convert 2540 (base 6) to base 16.
27c
-e96 (base 16) to base 3
-12010022
Convert -406 (base 10) to base 8.
-626
Convert -3167 (base 8) to base 10.
-1655
1a6 (base 15) to base 2
101111101
Convert -413 (base 12) to base 5.
-4331
What is 5205 (base 7) in base 4?
130122
Convert -8b6 (base 15) to base 8.
-3663
What is -17832 (base 9) in base 15?
-39cb
Convert -15a4 (base 13) to base 4.
-301220
303023 (base 4) to base 5
101100
-12321 (base 4) to base 3
-121100
What is 355 (base 11) in base 13?
267
What is 1532 (base 8) in base 11?
710
-5a2 (base 12) to base 7
-2312
6c05 (base 16) to base 7
143423
What is -10011 (base 3) in base 15?
-5a
Convert -6a4 (base 11) to base 15.
-3b0
Convert -17ac8 (base 14) to base 16.
-e970
Convert 10110101110101 (base 2) to base 4.
2311311
What is 11011011 (base 2) in base 4?
3123
Convert -1f44 (base 16) to base 15.
-2589
-122 (base 14) to base 7
-442
Convert 527 (base 13) to base 14.
46a
What is -85b4 (base 14) in base 10?
-23090
10100 (base 5) to base 13
3b0
33413 (base 6) to base 14
19cd
What is -8212 (base 9) in base 12?
-3585
What is 8563 (base 11) in base 3?
120112100
What is 1a17 (base 15) in base 11?
4274
-5933 (base 11) to base 3
-101200011
Convert 26430 (base 10) to base 3.
1100020220
Convert -21221001 (base 3) to base 12.
-3417
364535 (base 7) to base 11
45a38
-d5a9 (base 16) to base 9
-83024
381d (base 14) to base 15
2da2
What is -15165 (base 8) in base 13?
-3110
-97 (base 13) to base 16
-7c
What is -3250 (base 8) in base 7?
-4653
Convert 7c8 (base 14) to base 11.
1188
What is -663 (base 9) in base 2?
-1000011111
What is -1554 (base 7) in base 16?
-273
143204 (base 5) to base 7
23436
202010121 (base 3) to base 10
14677
What is 270b (base 14) in base 16?
1ad7
Convert -286 (base 14) to base 3.
-200220
Convert -1004 (base 6) to base 12.
-164
Convert 23345 (base 9) to base 16.
3ce9
110022 (base 4) to base 11
a73
What is -320 (base 16) in base 6?
-3412
What is 33ba (base 12) in base 15?
1a8d
-10943 (base 10) to base 13
-4c9a
Convert -738 (base 16) to base 15.
-833
cc3 (base 14) to base 4
213123
What is -100020112 (base 3) in base 14?
-2653
What is -4043 (base 5) in base 6?
-2231
Convert -104775 (base 8) to base 11.
-245a4
Convert -2c10 (base 14) to base 4.
-1322232
What is 1eb (base 15) in base 7?
1205
What is 1135 (base 10) in base 3?
1120001
-3766 (base 12) to base 4
-1201332
-310034 (base 5) to base 16
-2723
4761 (base 8) to base 15
b4a
-1323 (base 8) to base 16
-2d3
1103 (base 4) to base 5
313
What is 381 (base 11) in base 6?
2032
What is 1502 (base 6) in base 8?
616
516c (base 13) to base 15
34e9
Convert -26 (base 14) to base 11.
-31
What is -16654 (base 7) in base 6?
-34104
54646 (base 7) to base 16
3589
Convert -8d9 (base 15) to base 13.
-bb2
What is -11bb0 (base 15) in base 14?
-168da
-1377 (base 12) to base 15
-a01
What is -691 (base 14) in base 2?
-10100010111
Convert 20011 (base 5) to base 12.
888
What is 10207 (base 8) in base 10?
4231
-10101 (base 2) to base 12
-19
Convert 687 (base 11) to base 13.
4b2
What is 1432 (base 6) in base 10?
380
84632 (base 9) to base 11
39016
What is 4563 (base 8) in base 9?
3277
What is 11654 (base 10) in base 16?
2d86
What is -7aa (base 12) in base 10?
-1138
Convert 121022211 (base 3) to base 10.
11902
Convert -101001011001011 (base 2) to base 9.
-32060
486 (base 15) to base 14
534
What is 61cc (base 13) in base 5?
413034
Convert 2114 (base 6) to base 11.
3a5
-2969 (base 13) to base 16
-1772
What is -9b (base 13) in base 16?
-80
Convert -1bab (base 13) to base 15.
-139c
Convert -2210 (base 6) to base 15.
-240
Convert -331 (base 16) to base 13.
-4ab
430 (base 10) to base 14
22a
-12217 (base 8) to base 16
-148f
What is 14422 (base 7) in base 10?
3985
30a9 (base 15) to base 8
24054
-2993 (base 11) to base 15
-121d
-887 (base 10) to base 2
-1101110111
What is -2211023 (base 4) in base 12?
-614b
Convert -4542 (base 8) to base 9.
-3258
What is 11221 (base 5) in base 14?
41d
What is 55a (base 11) in base 16?
29e
110000000000101 (base 2) to base 7
131444
-504 (base 6) to base 10
-184
What is 184a (base 11) in base 12?
1441
Convert 203b (base 12) to base 8.
6657
What is 550 (base 6) in base 7?
420
-469 (base 10) to base 4
-13111
What is -2382 (base 11) in base 5?
-44430
Convert -2550 (base 16) to base 12.
-5640
-10212000 (base 3) to base 6
-21000
Convert 2490 (base 13) to base 14.
1c67
Convert -13b89 (base 13) to base 14.
-d75a
What is -5701 (base 11) in base 7?
-30606
-16225 (base 7) to base 11
-3490
Convert -377 (base 11) to base 13.
-285
56a7 (base 12) to base 8
22637
-b3a0 (base 14) to base 13
-110bb
Convert -1001202 (base 3) to base 10.
-776
Convert -20222 (base 3) to base 2.
-10111100
-1429 (base 12) to base 13
-10aa
-776 (base 15) to base 16
-696
Convert 1dd (base 14) to base 5.
3031
Convert -1680 (base 9) to base 7.
-3516
302 (base 14) to base 10
590
What is 43443 (base 5) in base 4?
232312
Convert -226 (base 7) to base 10.
-118
1683 (base 9) to base 11
a73
What is -2343434 (base 5) in base 4?
-22221203
Convert 504113 (base 6) to base 4.
21231231
Convert -1010120 (base 4) to base 2.
-1000100011000
-1242 (base 8) to base 4
-22202
Convert -2444 (base 6) to base 10.
-604
What is -111210010 (base 3) in base 9?
-14703
48600 (base 9) to base 16
7f